8*l + 26. What is v(166)?
26
Let p(h) = -9*h**2 - 7052*h - 35039. Give p(-5).
-4
Let a(k) = -93439*k - 1027874. What is a(-11)?
-45
Let p(k) = 4*k**3 - 16*k**2 + 48*k - 42. Determine p(2).
22
Let t(x) = x**3 - 76*x**2 - 840*x - 1708. Give t(86).
12
Let r(s) = 4*s**3 - 8*s**2 - 12*s + 23. Give r(-2).
-17
Let q(j) = 58831*j - 5177119. Give q(88).
9
Let b(r) = -35123*r - 16402435. Calculate b(-467).
6
Let f(l) = -l**3 + 901*l**2 - 19348*l + 8696. Calculate f(879).
-94
Let t(n) = -262280*n + 4196489. Determine t(16).
9
Let w(f) = -f**3 + 19*f**2 - 6*f + 542. Calculate w(20).
22
Let l(d) = -20596*d**2 - 185327*d + 18. Determine l(-9).
-315
Let d(u) = -u**3 - 30*u**2 - 232*u - 2564. Calculate d(-25).
111
Let m(c) = -c**3 - 118*c**2 - 193*c - 67295. Give m(-121).
-19
Let s(z) = -61*z - 1279. Give s(7).
-1706
Let u(i) = 2*i**2 - 7007*i - 219130. Determine u(-31).
9
Let n(l) = -l**3 - 24*l**2 + 90*l - 593. Give n(-25).
-2218
Let q(x) = 11*x**2 - 2877*x + 182859. What is q(109)?
-43
Let f(z) = -4*z**2 + 23*z + 17. Calculate f(-1).
-10
Let k(r) = 71090*r - 1279579. Determine k(18).
41
Let z(j) = -j**3 + 34*j**2 + 174*j + 617. Give z(39).
-202
Let n(s) = -2*s**3 - 18*s - 202. What is n(0)?
-202
Let v(o) = -o**2 - 161*o - 1165. What is v(-137)?
2123
Let w(k) = -282814*k - 1979693. Calculate w(-7).
5
Let u(f) = -6101*f - 42933. Give u(-7).
-226
Let l(v) = -161*v + 75344. What is l(468)?
-4
Let p(c) = 674*c**2 - 10761*c - 371. Determine p(16).
-3
Let n(x) = -x**2 - 171*x + 7439. Calculate n(-207).
-13
Let c(h) = 6*h**2 + 723*h - 156270. Give c(112).
-30
Let z(m) = 2513*m + 15176. Determine z(-6).
98
Let y(o) = -1019*o - 10400. Give y(-10).
-210
Let o(b) = -364*b - 17356. Give o(-47).
-248
Let a(w) = -w**3 + 15*w**2 - 40*w - 15. What is a(5)?
35
Let b(f) = -f**3 + 59*f**2 + 397*f - 1293. Calculate b(65).
-838
Let j(r) = r**2 - 1348*r - 31502. What is j(-23)?
31
Let p(r) = -26*r**2 - 4432*r + 2429. Calculate p(-171).
35
Let t(v) = -3*v**2 + 1349*v - 19488. Calculate t(15).
72
Let b(r) = -4314*r + 181203. Give b(42).
15
Let s(h) = -155*h + 10640. Give s(69).
-55
Let r(v) = 2*v**3 - 9*v**2 - 177*v + 725. Give r(4).
1
Let h(k) = -6495*k - 253306. Determine h(-39).
-1
Let i(m) = 49*m**2 + 210*m - 410. Determine i(2).
206
Let o(b) = b**3 - 7*b**2 + 83721*b - 418643. Give o(5).
-88
Let b(x) = x**2 + 210*x - 4949. What is b(-222)?
-2285
Let z(q) = -189*q**2 - 41957*q - 67. Calculate z(-222).
-289
Let c(m) = -15*m**2 - 17401*m - 105029. What is c(-1154)?
-15
Let h(o) = 393*o**3 + 23211*o**2 + 1414*o - 136. Give h(-59).
-18
Let o(r) = -127*r**2 - 1652*r - 395. Calculate o(-14).
-2159
Let u(t) = 169*t**3 + 14372*t**2 + 596*t + 159. Give u(-85).
74
Let z(q) = -305*q - 2667. Calculate z(-9).
78
Let z(w) = 4644*w - 78944. What is z(17)?
4
Let w(g) = -1085*g**2 - 8593*g + 701. What is w(-8)?
5
Let w(j) = 212*j + 18152. Calculate w(-85).
132
Let o(m) = -44*m**3 + 4*m**2 - 15*m + 16. Determine o(1).
-39
Let z(f) = -2*f**3 + 124*f**2 + 4128*f - 257. Give z(-24).
-257
Let j(p) = 3*p**3 + 1384*p**2 - 3462*p + 116006. Give j(-464).
6
Let t(h) = 163*h**2 + 624*h - 1872. What is t(-6)?
252
Let t(q) = 43*q**2 - 645*q - 276. Determine t(16).
412
Let p(g) = 34*g**2 - 72*g - 526. Determine p(-3).
-4
Let r(x) = -254*x**2 - 32006*x - 288. Calculate r(-126).
-36
Let s(p) = 108*p**3 - 5*p**2 - 128*p + 259. Determine s(2).
847
Let s(c) = -c**3 + 17*c**2 + 269*c - 247. What is s(-11)?
182
Let g(i) = -i**3 - 91*i**2 - 418*i + 1041. Calculate g(-86).
9
Let a(u) = -u**2 - 234*u + 3980. Give a(16).
-20
Let s(h) = 2*h**3 - 29*h**2 + 246*h - 2242. Give s(12).
-10
Let w(d) = 2*d**2 - 1111*d + 78006. Give w(473).
-39
Let n(r) = 3*r**2 + 863*r + 9111. Give n(-11).
-19
Let d(w) = -180*w**3 + 24*w**2 - w - 2. Determine d(2).
-1348
Let f(b) = -2129*b + 3289311. What is f(1545)?
6
Let i(t) = -t**3 - 88*t**2 - 60*t - 6695. Determine i(-88).
-1415
Let j(y) = y**3 + 118*y**2 + 3418*y - 277. Give j(-68).
-1501
Let w(d) = -3*d**3 + 28*d**2 - 29*d + 186. Calculate w(8).
210
Let g(v) = -v**3 + 3170*v**2 + 41381*v + 36. What is g(-13)?
10
Let c(b) = 7082*b + 5488548. Give c(-775).
-2
Let f(p) = 12*p**2 - 642*p + 209. Give f(53).
-109
Let c(q) = -4*q**3 + 5*q**2 - 15*q - 223. What is c(-6)?
911
Let b(k) = -140137*k + 4624545. Give b(33).
24
Let b(u) = 17990*u - 2482611. Give b(138).
9
Let d(q) = 6*q**3 + 118*q**2 - 46*q - 13. Give d(-20).
107
Let r(q) = -4519*q - 22420. Give r(-5).
175
Let z(a) = -6093916*a + 12187828. Calculate z(2).
-4
Let x(o) = -97*o + 678. What is x(7)?
-1
Let t(k) = 594*k - 18308. Calculate t(31).
106
Let s(y) = -2*y**2 + 220*y - 848. Give s(107).
-206
Let p(d) = -100*d**2 - 9916*d - 1587. Give p(-99).
-3
Let c(y) = -47*y**2 - 13*y + 40. Calculate c(3).
-422
Let z(c) = -3*c**3 - 210*c**2 - 3576*c - 107. What is z(-41)?
262
Let h(k) = -k**3 + 6*k**2 - 66*k + 306. What is h(14)?
-2186
Let d(f) = 22925*f - 1100541. Determine d(48).
-141
Let d(l) = -23*l**2 - 1562*l - 1536. Determine d(-1).
3
Let p(x) = -20360*x - 1893459. Calculate p(-93).
21
Let f(p) = 2*p**3 + 9*p**2 - 4070*p - 656. Determine f(43).
-11
Let o(r) = -r**2 + 8232*r - 90422. Calculate o(11).
9
Let z(u) = 638*u + 74540. What is z(-117)?
-106
Let o(p) = -490*p - 124960. Give o(-255).
-10
Let i(m) = m**3 + 112*m**2 + 329*m + 77. Give i(-109).
-141
Let b(i) = i**3 - 10*i**2 - 368*i + 3375. Give b(9).
-18
Let l(z) = 182*z**2 + 20450*z - 13112. Determine l(-113).
-4
Let n(d) = 1382*d + 16497. What is n(-12)?
-87
Let u(x) = -15*x**2 + 181*x + 35502. What is u(55)?
82
Let k(t) = -355*t**3 + 2*t**2 - 131*t - 272. Determine k(-2).
2838
Let o(f) = 29*f**2 + 72*f - 178. Calculate o(-4).
-2
Let i(w) = -w**3 + 42*w**2 - 12476*w + 538328. Determine i(43).
11
Let b(t) = 1506*t - 36092. Determine b(24).
52
Let s(h) = 3*h**2 + 950*h - 7628. Calculate s(8).
164
Let y(w) = 7*w**2 + 23748*w - 142715. Determine y(6).
25
Let u(f) = f**3 + 12*f**2 - 39*f - 141. Calculate u(5).
89
Let s(l) = -192701*l + 385466. Give s(2).
64
Let d(c) = 15885713*c + 63542846. Calculate d(-4).
-6
Let s(t) = 223*t - 36922. Determine s(168).
542
Let g(l) = -l**3 - 115*l**2 + 569*l - 69. Calculate g(5).
-224
Let j(v) = 12456*v - 261571. What is j(21)?
5
Let i(x) = x**3 - 28*x**2 - 472*x - 306. Calculate i(40).
14
Let q(f) = -413133*f + 29332438. What is q(71)?
-5
Let u(y) = -y**3 + 1027*y**2 - 80068*y - 1906. Give u(942).
-22
Let r(m) = 3*m**2 + 34*m - 925. Determine r(-22).
-221
Let x(a) = -a**3 - 4*a**2 + 1266*a + 7503. What is x(-6)?
-21
Let x(d) = 7*d**2 - 69*d - 70. Calculate x(12).
110
Let n(y) = 3*y**3 + 129*y**2 + 1181*y - 22. Determine n(-30).
-352
Let s(u) = -3*u**3 - 2452*u**2 + 57118*u - 1712. Give s(-840).
-32
Let f(j) = -896*j + 12608. Give f(14).
64
Let a(j) = 19*j**3 - 725*j**2 + 108*j + 91. Calculate a(38).
-137
Let y(i) = 3*i**3 - 84*i**2 - 57*i + 24. Determine y(28).
-1572
Let p(q) = 469*q - 3941. Determine p(9).
280
Let f(p) = -38132*p + 1067690. Calculate f(28).
-6
Let t(n) = 2*n**2 + 73*n - 6686. Calculate t(-80).
274
Let f(a) = 378*a**2 + 17772*a + 56. Determine f(-47).
-226
Let v(k) = k**2 + 105*k + 835. Give v(-6).
241
Let x(z) = 277*z - 7332. What is x(26)?
-130
Let h(x) = 55*x - 1424. What is h(25)?
-49
Let j(f) = 9180*f - 105494. Determine j(11).
-4514
Let t(l) = -5*l**2 + 535*l - 3220. Give t(6).
-190
Let g(v) = v**2 + 2012*v + 22059. What is g(-11)?
48
Let v(x) = -126*x**2 - 8294*x + 1467. Calculate v(-66).
15
Let c(m) = -8286*m + 588282. Give c(71).
-24
Let w(b) = 2*b**3 - 243*b + 26. Determine w(11).
15
Let z(m) = 546*m + 7098. Determine z(-14).
-546
Let h(u) = -u**3 + 20*u**2 + 202*u - 4092. Calculate h(15).
63
Let w(z) = 35*z**2 - 2999*z + 2998. What is w(1)?
34
Let c(y) = 7881*y - 4092. Calculate c(1).
3789
Let p(k) = -3*k**3 - 23*k**2 + 115*k + 4. Give p(5).
-371
Let z(y) = 3*y**3 - 29*y**2 - 58*y - 56. Give z(9).
-740
Let t(h) = h**3 + 318*h**2 - 1648*h + 140. Calculate t(5).
-25
Let m(k) = 3*k**3 - 29*k**2 + 2329*k - 20786. What is m(9)?
13
Let n(h) = 7*h**2 - 2210*h + 2684. Give n(316).
3316
Let i(l) = -43*l**3 + 7832*l**2 - 1077*l - 2729. What is i(182)?
1
Let x(j) = 4*j**2 + 343*j + 4502. Calculate x(-16).
38
Let f(y) = -6740*y - 26905. Give f(-4).
55
Let z(u) = -542*u - 8606. Give z(-16).
66
Let b(p) = 362*p**2 + 6259*p + 1759. 